6340?
6
What is the hundred thousands digit of 19976683?
9
What is the ten thousands digit of 1952892?
5
What is the units digit of 2609299?
9
What is the hundred thousands digit of 1741312?
7
What is the thousands digit of 96366?
6
What is the units digit of 12318562?
2
What is the millions digit of 3396197?
3
What is the ten thousands digit of 3103052?
0
What is the tens digit of 3726704?
0
What is the units digit of 1881197?
7
What is the hundred thousands digit of 3339789?
3
What is the units digit of 4054849?
9
What is the thousands digit of 3083740?
3
What is the thousands digit of 6551241?
1
What is the tens digit of 215578?
7
What is the units digit of 5431470?
0
What is the tens digit of 2888208?
0
What is the tens digit of 273830?
3
What is the hundred thousands digit of 4806284?
8
What is the hundreds digit of 788031?
0
What is the ten thousands digit of 61621?
6
What is the thousands digit of 756843?
6
What is the hundreds digit of 4487242?
2
What is the tens digit of 2001073?
7
What is the tens digit of 1175482?
8
What is the hundreds digit of 75148?
1
What is the tens digit of 1147617?
1
What is the hundred thousands digit of 471338?
4
What is the hundred thousands digit of 575727?
5
What is the tens digit of 435264?
6
What is the tens digit of 8920760?
6
What is the thousands digit of 1503822?
3
What is the hundred thousands digit of 470726?
4
What is the ten thousands digit of 8428084?
2
What is the hundreds digit of 24371?
3
What is the units digit of 6982970?
0
What is the tens digit of 2514667?
6
What is the units digit of 634361?
1
What is the thousands digit of 330594?
0
What is the thousands digit of 3213611?
3
What is the thousands digit of 1225999?
5
What is the hundreds digit of 226454?
4
What is the tens digit of 3149653?
5
What is the ten thousands digit of 785160?
8
What is the thousands digit of 5821222?
1
What is the hundreds digit of 7130699?
6
What is the ten thousands digit of 1431503?
3
What is the tens digit of 200442?
4
What is the ten thousands digit of 810446?
1
What is the hundred thousands digit of 5491548?
4
What is the units digit of 124499?
9
What is the thousands digit of 973608?
3
What is the hundred thousands digit of 763412?
7
What is the hundred thousands digit of 1628877?
6
What is the tens digit of 1825792?
9
What is the units digit of 11150039?
9
What is the hundreds digit of 28319276?
2
What is the hundred thousands digit of 845300?
8
What is the hundreds digit of 172797?
7
What is the thousands digit of 2701456?
1
What is the thousands digit of 252793?
2
What is the hundreds digit of 304394?
3
What is the tens digit of 857699?
9
What is the units digit of 3046152?
2
What is the ten millions digit of 10742838?
1
What is the hundreds digit of 3866277?
2
What is the hundreds digit of 4033890?
8
What is the hundreds digit of 820415?
4
What is the units digit of 1574996?
6
What is the tens digit of 24047913?
1
What is the hundreds digit of 988495?
4
What is the hundreds digit of 1607975?
9
What is the ten millions digit of 13226370?
1
What is the hundreds digit of 1069302?
3
What is the millions digit of 2285146?
2
What is the units digit of 765357?
7
What is the ten thousands digit of 22964128?
6
What is the millions digit of 1653061?
1
What is the ten thousands digit of 410539?
1
What is the ten thousands digit of 713199?
1
What is the thousands digit of 2059088?
9
What is the tens digit of 3330758?
5
What is the units digit of 16048600?
0
What is the units digit of 11407721?
1
What is the hundred thousands digit of 412228?
4
What is the ten thousands digit of 1073885?
7
What is the hundreds digit of 11005679?
6
What is the ten thousands digit of 308576?
0
What is the units digit of 1010406?
6
What is the units digit of 4016220?
0
What is the thousands digit of 1441065?
1
What is the tens digit of 32668?
6
What is the millions digit of 14603493?
4
What is the units digit of 15493077?
7
What is the ten millions digit of 29174009?
2
What is the thousands digit of 6999774?
9
What is the hundred thousands digit of 223327?
2
What is the ten thousands digit of 15309787?
0
What is the tens digit of 1177626?
2
What is the thousands digit of 555879?
5
What is the hundreds digit of 1605221?
2
What is the thousands digit of 983985?
3
What is the hundreds digit of 5278132?
1
What is the ten thousands digit of 3910373?
1
What is the thousands digit of 7927322?
7
What is the hundreds digit of 4511103?
1
What is the tens digit of 3364982?
8
What is the tens digit of 386576?
7
What is the thousands digit of 195148?
5
What is the hundreds digit of 237684?
6
What is the thousands digit of 1510841?
0
What is the units digit of 43298644?
4
What is the hundreds digit of 170061?
0
What is the tens digit of 378990?
9
What is the ten thousands digit of 243710?
4
What is the hundreds digit of 198611?
6
What is the hundred thousands digit of 7993984?
9
What is the millions digit of 1890900?
1
What is the ten thousands digit of 45696?
4
What is the hundred thousands digit of 2395076?
3
What is the units digit of 60780?
0
What is the units digit of 336305?
5
What is the millions digit of 1935304?
1
What is the ten thousands digit of 4469145?
6
What is the units digit of 1822014?
4
What is the ten thousands digit of 649178?
4
What is the ten thousands digit of 118326?
1
What is the hundreds digit of 736060?
0
What is the hundreds digit of 3186710?
7
What is the tens digit of 1426483?
8
What is the units digit of 61715?
5
What is the tens digit of 224236?
3
What is the ten thousands digit of 263408?
6
What is the thousands digit of 547444?
7
What is the hundreds digit of 739841?
8
What is the units digit of 5008199?
9
What is the units digit of 489656?
6
What is the ten thousands digit of 3159468?
5
What is the millions digit of 24409094?
4
What is the units digit of 1051798?
8
What is the units digit of 55239?
9
What is the tens digit of 3017132?
3
What is the thousands digit of 423793?
3
What is the millions digit of 1162738?
1
What is the ten thousands digit of 12677428?
7
What is the tens digit of 5540871?
7
What is the units digit of 11340024?
4
What is the units digit of 2221567?
7
What is the hundred thousands digit of 1658276?
6
What is the hundred thousands digit of 5891420?
8
What is the hundred thousands digit of 545145?
5
What is the hundreds digit of 354740?
7
What is the tens digit of 370232?
3
What is the hundreds digit of 1880438?
4
What is the ten thousands digit of 22607780?
0
What is the ten thousands digit of 4552240?
5
What is the tens digit of 147190?
9
What is the units digit of 226113?
3
What is the tens digit of 11118533?
3
What is the units digit of 1431388?
8
What is the hundred thousands digit of 3365714?
3
What is the hundreds digit of 1558956?
9
What is the tens digit of 37890?
9
What is the ten thousands digit of 1716740?
1
What is the hundred thousands digit of 3132256?
1
What is the tens digit of 687495?
9
What is the thousands digit of 315506?
5
What is the thousands digit of 199036?
9
What is the units digit of 412248?
8
What is the ten thousands digit of 14787496?
8
What is the thousands digit of 1213407?
3
What is the millions digit of 5421307?
5
What is the ten thousands digit of 1472075?
7
What is the ten thousands digit of 314494?
1
What is the hundreds digit of 316797?
7
What is the hundred thousands digit of 382870?
3
What is the ten millions digit of 26822150?
2
What is the ten thousands digit of 370210?
7
What is the ten thousands digit of 4342651?
4
What is the hundreds digit of 22328060?
0
What is the units digit of 313383?
3
What is the units digit of 385005?
5
What is the units digit of 498928?
8
What is the units digit of 22226747?
7
What is the ten thousands digit of 2167065?
6
What is the tens digit of 3313449?
4
What is the tens digit of 14620639?
3
What is the hundreds digit of 5321934?
9
What is the ten thousands digit of 108531?
0
What is the tens digit of 610280?
8
What is the tens digit of 12020?
2
What is the ten thousands digit of 827608?
2
What is the ten thousands digit of 592097?
9
What is the hundreds digit of 5664909?
9
What is the ten millions digit of 12901474?
1
What is the tens digit of 393718?
1
What is the ten thousands digit of 468268?
6
What is the